{"id":80,"date":"2019-08-29T20:48:34","date_gmt":"2019-08-29T20:48:34","guid":{"rendered":"http:\/\/contadorarosales.com.ar\/?page_id=80"},"modified":"2020-02-02T20:00:48","modified_gmt":"2020-02-02T20:00:48","slug":"servicios","status":"publish","type":"page","link":"https:\/\/contadorarosales.com.ar\/index.php\/inicio\/servicios\/","title":{"rendered":"Servicios"},"content":{"rendered":"\t\t<div data-elementor-type=\"wp-post\" data-elementor-id=\"80\" class=\"elementor elementor-80\">\n\t\t\t\t\t\t<section class=\"elementor-section elementor-top-section elementor-element elementor-element-f4462ad elementor-section-boxed elementor-section-height-default elementor-section-height-default\" data-id=\"f4462ad\" data-element_type=\"section\" data-e-type=\"section\">\n\t\t\t\t\t\t<div class=\"elementor-container elementor-column-gap-default\">\n\t\t\t\t\t<div class=\"elementor-column elementor-col-100 elementor-top-column elementor-element elementor-element-1c5809e\" data-id=\"1c5809e\" data-element_type=\"column\" data-e-type=\"column\">\n\t\t\t<div class=\"elementor-widget-wrap elementor-element-populated\">\n\t\t\t\t\t\t<div class=\"elementor-element elementor-element-e0d1741 elementor-invisible elementor-widget elementor-widget-heading\" data-id=\"e0d1741\" data-element_type=\"widget\" data-e-type=\"widget\" data-settings=\"{&quot;_animation&quot;:&quot;fadeInUp&quot;}\" data-widget_type=\"heading.default\">\n\t\t\t\t<div class=\"elementor-widget-container\">\n\t\t\t\t\t<h2 class=\"elementor-heading-title elementor-size-default\">Principales Servicios que brinda el Estudio<\/h2>\t\t\t\t<\/div>\n\t\t\t\t<\/div>\n\t\t\t\t\t<\/div>\n\t\t<\/div>\n\t\t\t\t\t<\/div>\n\t\t<\/section>\n\t\t\t\t<section class=\"elementor-section elementor-top-section elementor-element elementor-element-96490c7 elementor-section-boxed elementor-section-height-default elementor-section-height-default\" data-id=\"96490c7\" data-element_type=\"section\" data-e-type=\"section\">\n\t\t\t\t\t\t<div class=\"elementor-container elementor-column-gap-default\">\n\t\t\t\t\t<div class=\"elementor-column elementor-col-25 elementor-top-column elementor-element elementor-element-5f01620\" data-id=\"5f01620\" data-element_type=\"column\" data-e-type=\"column\">\n\t\t\t<div class=\"elementor-widget-wrap elementor-element-populated\">\n\t\t\t\t\t\t<div class=\"elementor-element elementor-element-b523d68 elementor-invisible elementor-widget elementor-widget-image\" data-id=\"b523d68\" data-element_type=\"widget\" data-e-type=\"widget\" data-settings=\"{&quot;_animation&quot;:&quot;fadeInUp&quot;}\" data-widget_type=\"image.default\">\n\t\t\t\t<div class=\"elementor-widget-container\">\n\t\t\t\t\t\t\t\t\t\t\t\t\t\t\t<img fetchpriority=\"high\" decoding=\"async\" width=\"301\" height=\"167\" src=\"https:\/\/contadorarosales.com.ar\/wp-content\/uploads\/2020\/02\/Laboral.jpg\" class=\"attachment-large size-large wp-image-343\" alt=\"Laboral\" srcset=\"https:\/\/contadorarosales.com.ar\/wp-content\/uploads\/2020\/02\/Laboral.jpg 301w, https:\/\/contadorarosales.com.ar\/wp-content\/uploads\/2020\/02\/Laboral-300x166.jpg 300w, https:\/\/contadorarosales.com.ar\/wp-content\/uploads\/2020\/02\/Laboral-230x128.jpg 230w\" sizes=\"(max-width: 301px) 100vw, 301px\" \/>\t\t\t\t\t\t\t\t\t\t\t\t\t\t\t<\/div>\n\t\t\t\t<\/div>\n\t\t\t\t<div class=\"elementor-element elementor-element-1f5a4a7 elementor-widget elementor-widget-heading\" data-id=\"1f5a4a7\" data-element_type=\"widget\" data-e-type=\"widget\" data-widget_type=\"heading.default\">\n\t\t\t\t<div class=\"elementor-widget-container\">\n\t\t\t\t\t<h4 class=\"elementor-heading-title elementor-size-default\">Laboral<\/h4>\t\t\t\t<\/div>\n\t\t\t\t<\/div>\n\t\t\t\t<div class=\"elementor-element elementor-element-2ac33a8 elementor-widget elementor-widget-heading\" data-id=\"2ac33a8\" data-element_type=\"widget\" data-e-type=\"widget\" data-widget_type=\"heading.default\">\n\t\t\t\t<div class=\"elementor-widget-container\">\n\t\t\t\t\t<h2 class=\"elementor-heading-title elementor-size-default\">Gestionamos recursos humanos de todas las \u00e1reas operativas y sindicatos nacionales.\nLiquidaci\u00f3n de remuneraciones.\nCargas sociales.\nDeclaraciones juradas.\nObligaciones sindicales.\nReportes a medida.\nGanancias cuarta categor\u00eda.\nLiquidaciones finales.\nConsultas previsionales y laborales.\nAtenci\u00f3n de inspecciones.\nAdministraci\u00f3n de personal.<\/h2>\t\t\t\t<\/div>\n\t\t\t\t<\/div>\n\t\t\t\t\t<\/div>\n\t\t<\/div>\n\t\t\t\t<div class=\"elementor-column elementor-col-25 elementor-top-column elementor-element elementor-element-f7028b3\" data-id=\"f7028b3\" data-element_type=\"column\" data-e-type=\"column\">\n\t\t\t<div class=\"elementor-widget-wrap elementor-element-populated\">\n\t\t\t\t\t\t<div class=\"elementor-element elementor-element-764c17b elementor-invisible elementor-widget elementor-widget-image\" data-id=\"764c17b\" data-element_type=\"widget\" data-e-type=\"widget\" data-settings=\"{&quot;_animation&quot;:&quot;fadeInUp&quot;}\" data-widget_type=\"image.default\">\n\t\t\t\t<div class=\"elementor-widget-container\">\n\t\t\t\t\t\t\t\t\t\t\t\t\t\t\t<img decoding=\"async\" width=\"299\" height=\"168\" src=\"https:\/\/contadorarosales.com.ar\/wp-content\/uploads\/2020\/02\/impuestos.jpg\" class=\"attachment-large size-large wp-image-344\" alt=\"Impuestos\" srcset=\"https:\/\/contadorarosales.com.ar\/wp-content\/uploads\/2020\/02\/impuestos.jpg 299w, https:\/\/contadorarosales.com.ar\/wp-content\/uploads\/2020\/02\/impuestos-230x129.jpg 230w\" sizes=\"(max-width: 299px) 100vw, 299px\" \/>\t\t\t\t\t\t\t\t\t\t\t\t\t\t\t<\/div>\n\t\t\t\t<\/div>\n\t\t\t\t<div class=\"elementor-element elementor-element-de47616 elementor-widget elementor-widget-heading\" data-id=\"de47616\" data-element_type=\"widget\" data-e-type=\"widget\" data-widget_type=\"heading.default\">\n\t\t\t\t<div class=\"elementor-widget-container\">\n\t\t\t\t\t<h4 class=\"elementor-heading-title elementor-size-default\">Impuestos<\/h4>\t\t\t\t<\/div>\n\t\t\t\t<\/div>\n\t\t\t\t<div class=\"elementor-element elementor-element-817bb92 elementor-widget elementor-widget-heading\" data-id=\"817bb92\" data-element_type=\"widget\" data-e-type=\"widget\" data-widget_type=\"heading.default\">\n\t\t\t\t<div class=\"elementor-widget-container\">\n\t\t\t\t\t<h2 class=\"elementor-heading-title elementor-size-default\">Confecci\u00f3n, liquidaci\u00f3n y presentaci\u00f3n de DDJJ nacionales, provinciales y municipales.\n\nDDJJ mensuales y anuales.\nAtenci\u00f3n de inspecciones.\nImpuesto al Valor Agregado.\nIngresos Brutos.\nConvenio Multilateral.\nGanancias y Bienes personales.\nMonotributo.\nImpuestos municipales.\nAportes Aut\u00f3nomos.\nImpuestos de exportaci\u00f3n.\n\n<\/h2>\t\t\t\t<\/div>\n\t\t\t\t<\/div>\n\t\t\t\t\t<\/div>\n\t\t<\/div>\n\t\t\t\t<div class=\"elementor-column elementor-col-25 elementor-top-column elementor-element elementor-element-ce065ac\" data-id=\"ce065ac\" data-element_type=\"column\" data-e-type=\"column\">\n\t\t\t<div class=\"elementor-widget-wrap elementor-element-populated\">\n\t\t\t\t\t\t<div class=\"elementor-element elementor-element-708261b elementor-invisible elementor-widget elementor-widget-image\" data-id=\"708261b\" data-element_type=\"widget\" data-e-type=\"widget\" data-settings=\"{&quot;_animation&quot;:&quot;fadeInUp&quot;}\" data-widget_type=\"image.default\">\n\t\t\t\t<div class=\"elementor-widget-container\">\n\t\t\t\t\t\t\t\t\t\t\t\t\t\t\t<img decoding=\"async\" width=\"275\" height=\"183\" src=\"https:\/\/contadorarosales.com.ar\/wp-content\/uploads\/2020\/02\/consultor\u00eda.jpg\" class=\"attachment-large size-large wp-image-345\" alt=\"Consultor\u00eda\" srcset=\"https:\/\/contadorarosales.com.ar\/wp-content\/uploads\/2020\/02\/consultor\u00eda.jpg 275w, https:\/\/contadorarosales.com.ar\/wp-content\/uploads\/2020\/02\/consultor\u00eda-230x153.jpg 230w\" sizes=\"(max-width: 275px) 100vw, 275px\" \/>\t\t\t\t\t\t\t\t\t\t\t\t\t\t\t<\/div>\n\t\t\t\t<\/div>\n\t\t\t\t<div class=\"elementor-element elementor-element-f4d838b elementor-widget elementor-widget-heading\" data-id=\"f4d838b\" data-element_type=\"widget\" data-e-type=\"widget\" data-widget_type=\"heading.default\">\n\t\t\t\t<div class=\"elementor-widget-container\">\n\t\t\t\t\t<h4 class=\"elementor-heading-title elementor-size-default\">Contabilidad<\/h4>\t\t\t\t<\/div>\n\t\t\t\t<\/div>\n\t\t\t\t<div class=\"elementor-element elementor-element-f75e395 elementor-widget elementor-widget-heading\" data-id=\"f75e395\" data-element_type=\"widget\" data-e-type=\"widget\" data-widget_type=\"heading.default\">\n\t\t\t\t<div class=\"elementor-widget-container\">\n\t\t\t\t\t<h2 class=\"elementor-heading-title elementor-size-default\">Los Estados Contables son necesarios para la toma de decisi\u00f3n en materia econ\u00f3mico financiera de su negocio.\n\nEl estudio brinda los siguientes servicios:\nArmado y Confecci\u00f3n de Estados Contables Auditados o Certificados y legalizados en el Consejo Profesional de Ciencias Econ\u00f3micas correspondientes.<\/h2>\t\t\t\t<\/div>\n\t\t\t\t<\/div>\n\t\t\t\t\t<\/div>\n\t\t<\/div>\n\t\t\t\t<div class=\"elementor-column elementor-col-25 elementor-top-column elementor-element elementor-element-67d646b\" data-id=\"67d646b\" data-element_type=\"column\" data-e-type=\"column\">\n\t\t\t<div class=\"elementor-widget-wrap elementor-element-populated\">\n\t\t\t\t\t\t<div class=\"elementor-element elementor-element-0786b50 elementor-invisible elementor-widget elementor-widget-image\" data-id=\"0786b50\" data-element_type=\"widget\" data-e-type=\"widget\" data-settings=\"{&quot;_animation&quot;:&quot;fadeInUp&quot;}\" data-widget_type=\"image.default\">\n\t\t\t\t<div class=\"elementor-widget-container\">\n\t\t\t\t\t\t\t\t\t\t\t\t\t\t\t<img loading=\"lazy\" decoding=\"async\" width=\"290\" height=\"174\" src=\"https:\/\/contadorarosales.com.ar\/wp-content\/uploads\/2020\/02\/pymes.jpg\" class=\"attachment-large size-large wp-image-346\" alt=\"Pymes\" srcset=\"https:\/\/contadorarosales.com.ar\/wp-content\/uploads\/2020\/02\/pymes.jpg 290w, https:\/\/contadorarosales.com.ar\/wp-content\/uploads\/2020\/02\/pymes-230x138.jpg 230w\" sizes=\"(max-width: 290px) 100vw, 290px\" \/>\t\t\t\t\t\t\t\t\t\t\t\t\t\t\t<\/div>\n\t\t\t\t<\/div>\n\t\t\t\t<div class=\"elementor-element elementor-element-8d78a4f elementor-widget elementor-widget-heading\" data-id=\"8d78a4f\" data-element_type=\"widget\" data-e-type=\"widget\" data-widget_type=\"heading.default\">\n\t\t\t\t<div class=\"elementor-widget-container\">\n\t\t\t\t\t<h4 class=\"elementor-heading-title elementor-size-default\">Pymes<\/h4>\t\t\t\t<\/div>\n\t\t\t\t<\/div>\n\t\t\t\t<div class=\"elementor-element elementor-element-3659954 elementor-widget elementor-widget-heading\" data-id=\"3659954\" data-element_type=\"widget\" data-e-type=\"widget\" data-widget_type=\"heading.default\">\n\t\t\t\t<div class=\"elementor-widget-container\">\n\t\t\t\t\t<h2 class=\"elementor-heading-title elementor-size-default\">Ofrecemos servicios para empresas Pymes:\n\nActualizaci\u00f3n de datos en AFIP.\nMantenimiento de libros rubricados.\nImpuesto a las ganancias.\nMonotributo.\nRegistraci\u00f3n y procesamiento de operaciones de las Compa\u00f1\u00edas.\nLiquidacion de sueldo y cargas sociales, boletas de pago a sindicatos.\nPreparaci\u00f3n de declaraciones juradas de personal en relaci\u00f3n de dependencia.\n<\/h2>\t\t\t\t<\/div>\n\t\t\t\t<\/div>\n\t\t\t\t\t<\/div>\n\t\t<\/div>\n\t\t\t\t\t<\/div>\n\t\t<\/section>\n\t\t\t\t<section class=\"elementor-section elementor-top-section elementor-element elementor-element-61450a2 elementor-section-boxed elementor-section-height-default elementor-section-height-default\" data-id=\"61450a2\" data-element_type=\"section\" data-e-type=\"section\">\n\t\t\t\t\t\t<div class=\"elementor-container elementor-column-gap-default\">\n\t\t\t\t\t<div class=\"elementor-column elementor-col-100 elementor-top-column elementor-element elementor-element-8d165ca\" data-id=\"8d165ca\" data-element_type=\"column\" data-e-type=\"column\">\n\t\t\t<div class=\"elementor-widget-wrap elementor-element-populated\">\n\t\t\t\t\t\t<div class=\"elementor-element elementor-element-adf55e8 elementor-widget elementor-widget-heading\" data-id=\"adf55e8\" data-element_type=\"widget\" data-e-type=\"widget\" data-widget_type=\"heading.default\">\n\t\t\t\t<div class=\"elementor-widget-container\">\n\t\t\t\t\t<h3 class=\"elementor-heading-title elementor-size-default\">SITIOS DE INTER\u00c9S<\/h3>\t\t\t\t<\/div>\n\t\t\t\t<\/div>\n\t\t\t\t\t<\/div>\n\t\t<\/div>\n\t\t\t\t\t<\/div>\n\t\t<\/section>\n\t\t\t\t<section class=\"elementor-section elementor-top-section elementor-element elementor-element-f7b5fde elementor-section-boxed elementor-section-height-default elementor-section-height-default\" data-id=\"f7b5fde\" data-element_type=\"section\" data-e-type=\"section\">\n\t\t\t\t\t\t<div class=\"elementor-container elementor-column-gap-default\">\n\t\t\t\t\t<div class=\"elementor-column elementor-col-20 elementor-top-column elementor-element elementor-element-b1e0533\" data-id=\"b1e0533\" data-element_type=\"column\" data-e-type=\"column\">\n\t\t\t<div class=\"elementor-widget-wrap elementor-element-populated\">\n\t\t\t\t\t\t<div class=\"elementor-element elementor-element-7261d4e elementor-invisible elementor-widget elementor-widget-image\" data-id=\"7261d4e\" data-element_type=\"widget\" data-e-type=\"widget\" data-settings=\"{&quot;_animation&quot;:&quot;fadeInUp&quot;}\" data-widget_type=\"image.default\">\n\t\t\t\t<div class=\"elementor-widget-container\">\n\t\t\t\t\t\t\t\t\t\t\t\t\t\t\t\t<a href=\"https:\/\/www.afip.gob.ar\/sitio\/externos\/default.asp\">\n\t\t\t\t\t\t\t<img loading=\"lazy\" decoding=\"async\" width=\"300\" height=\"168\" src=\"https:\/\/contadorarosales.com.ar\/wp-content\/uploads\/2020\/02\/AFIP.jpg\" class=\"attachment-large size-large wp-image-377\" alt=\"\" srcset=\"https:\/\/contadorarosales.com.ar\/wp-content\/uploads\/2020\/02\/AFIP.jpg 300w, https:\/\/contadorarosales.com.ar\/wp-content\/uploads\/2020\/02\/AFIP-230x129.jpg 230w\" sizes=\"(max-width: 300px) 100vw, 300px\" \/>\t\t\t\t\t\t\t\t<\/a>\n\t\t\t\t\t\t\t\t\t\t\t\t\t\t\t<\/div>\n\t\t\t\t<\/div>\n\t\t\t\t\t<\/div>\n\t\t<\/div>\n\t\t\t\t<div class=\"elementor-column elementor-col-20 elementor-top-column elementor-element elementor-element-f92ecfe\" data-id=\"f92ecfe\" data-element_type=\"column\" data-e-type=\"column\">\n\t\t\t<div class=\"elementor-widget-wrap elementor-element-populated\">\n\t\t\t\t\t\t<div class=\"elementor-element elementor-element-8af04b5 elementor-invisible elementor-widget elementor-widget-image\" data-id=\"8af04b5\" data-element_type=\"widget\" data-e-type=\"widget\" data-settings=\"{&quot;_animation&quot;:&quot;fadeInUp&quot;}\" data-widget_type=\"image.default\">\n\t\t\t\t<div class=\"elementor-widget-container\">\n\t\t\t\t\t\t\t\t\t\t\t\t\t\t\t\t<a href=\"https:\/\/arba.gob.ar\/defaultArba.asp\">\n\t\t\t\t\t\t\t<img loading=\"lazy\" decoding=\"async\" width=\"279\" height=\"180\" src=\"https:\/\/contadorarosales.com.ar\/wp-content\/uploads\/2020\/02\/ARBA.jpg\" class=\"attachment-large size-large wp-image-388\" alt=\"arba\" srcset=\"https:\/\/contadorarosales.com.ar\/wp-content\/uploads\/2020\/02\/ARBA.jpg 279w, https:\/\/contadorarosales.com.ar\/wp-content\/uploads\/2020\/02\/ARBA-230x148.jpg 230w\" sizes=\"(max-width: 279px) 100vw, 279px\" \/>\t\t\t\t\t\t\t\t<\/a>\n\t\t\t\t\t\t\t\t\t\t\t\t\t\t\t<\/div>\n\t\t\t\t<\/div>\n\t\t\t\t\t<\/div>\n\t\t<\/div>\n\t\t\t\t<div class=\"elementor-column elementor-col-20 elementor-top-column elementor-element elementor-element-d4b60f3\" data-id=\"d4b60f3\" data-element_type=\"column\" data-e-type=\"column\">\n\t\t\t<div class=\"elementor-widget-wrap elementor-element-populated\">\n\t\t\t\t\t\t<div class=\"elementor-element elementor-element-0200246 elementor-invisible elementor-widget elementor-widget-image\" data-id=\"0200246\" data-element_type=\"widget\" data-e-type=\"widget\" data-settings=\"{&quot;_animation&quot;:&quot;fadeInUp&quot;}\" data-widget_type=\"image.default\">\n\t\t\t\t<div class=\"elementor-widget-container\">\n\t\t\t\t\t\t\t\t\t\t\t\t\t\t\t\t<a href=\"https:\/\/tramitesadistancia.gob.ar\/tramitesadistancia\/inicio-publico\">\n\t\t\t\t\t\t\t<img loading=\"lazy\" decoding=\"async\" width=\"300\" height=\"168\" src=\"https:\/\/contadorarosales.com.ar\/wp-content\/uploads\/2020\/02\/TAD-1.png\" class=\"attachment-large size-large wp-image-390\" alt=\"\" srcset=\"https:\/\/contadorarosales.com.ar\/wp-content\/uploads\/2020\/02\/TAD-1.png 300w, https:\/\/contadorarosales.com.ar\/wp-content\/uploads\/2020\/02\/TAD-1-230x129.png 230w\" sizes=\"(max-width: 300px) 100vw, 300px\" \/>\t\t\t\t\t\t\t\t<\/a>\n\t\t\t\t\t\t\t\t\t\t\t\t\t\t\t<\/div>\n\t\t\t\t<\/div>\n\t\t\t\t\t<\/div>\n\t\t<\/div>\n\t\t\t\t<div class=\"elementor-column elementor-col-20 elementor-top-column elementor-element elementor-element-f2ee1db\" data-id=\"f2ee1db\" data-element_type=\"column\" data-e-type=\"column\">\n\t\t\t<div class=\"elementor-widget-wrap elementor-element-populated\">\n\t\t\t\t\t\t<div class=\"elementor-element elementor-element-8433c41 elementor-invisible elementor-widget elementor-widget-image\" data-id=\"8433c41\" data-element_type=\"widget\" data-e-type=\"widget\" data-settings=\"{&quot;_animation&quot;:&quot;fadeInUp&quot;}\" data-widget_type=\"image.default\">\n\t\t\t\t<div class=\"elementor-widget-container\">\n\t\t\t\t\t\t\t\t\t\t\t\t\t\t\t\t<a href=\"https:\/\/www.agip.gob.ar\/\">\n\t\t\t\t\t\t\t<img loading=\"lazy\" decoding=\"async\" width=\"225\" height=\"225\" src=\"https:\/\/contadorarosales.com.ar\/wp-content\/uploads\/2020\/02\/AGIP.jpg\" class=\"attachment-large size-large wp-image-380\" alt=\"AGIP\" srcset=\"https:\/\/contadorarosales.com.ar\/wp-content\/uploads\/2020\/02\/AGIP.jpg 225w, https:\/\/contadorarosales.com.ar\/wp-content\/uploads\/2020\/02\/AGIP-150x150.jpg 150w\" sizes=\"(max-width: 225px) 100vw, 225px\" \/>\t\t\t\t\t\t\t\t<\/a>\n\t\t\t\t\t\t\t\t\t\t\t\t\t\t\t<\/div>\n\t\t\t\t<\/div>\n\t\t\t\t\t<\/div>\n\t\t<\/div>\n\t\t\t\t<div class=\"elementor-column elementor-col-20 elementor-top-column elementor-element elementor-element-f031dba\" data-id=\"f031dba\" data-element_type=\"column\" data-e-type=\"column\">\n\t\t\t<div class=\"elementor-widget-wrap elementor-element-populated\">\n\t\t\t\t\t\t<div class=\"elementor-element elementor-element-3695375 elementor-invisible elementor-widget elementor-widget-image\" data-id=\"3695375\" data-element_type=\"widget\" data-e-type=\"widget\" data-settings=\"{&quot;_animation&quot;:&quot;fadeInUp&quot;}\" data-widget_type=\"image.default\">\n\t\t\t\t<div class=\"elementor-widget-container\">\n\t\t\t\t\t\t\t\t\t\t\t\t\t\t\t\t<a href=\"https:\/\/consejo.org.ar\/\">\n\t\t\t\t\t\t\t<img loading=\"lazy\" decoding=\"async\" width=\"225\" height=\"225\" src=\"https:\/\/contadorarosales.com.ar\/wp-content\/uploads\/2020\/02\/consejo.jpg\" class=\"attachment-large size-large wp-image-393\" alt=\"consejo\" srcset=\"https:\/\/contadorarosales.com.ar\/wp-content\/uploads\/2020\/02\/consejo.jpg 225w, https:\/\/contadorarosales.com.ar\/wp-content\/uploads\/2020\/02\/consejo-150x150.jpg 150w\" sizes=\"(max-width: 225px) 100vw, 225px\" \/>\t\t\t\t\t\t\t\t<\/a>\n\t\t\t\t\t\t\t\t\t\t\t\t\t\t\t<\/div>\n\t\t\t\t<\/div>\n\t\t\t\t\t<\/div>\n\t\t<\/div>\n\t\t\t\t\t<\/div>\n\t\t<\/section>\n\t\t\t\t<section class=\"elementor-section elementor-top-section elementor-element elementor-element-8f56dd4 elementor-section-boxed elementor-section-height-default elementor-section-height-default\" data-id=\"8f56dd4\" data-element_type=\"section\" data-e-type=\"section\">\n\t\t\t\t\t\t<div class=\"elementor-container elementor-column-gap-default\">\n\t\t\t\t\t<div class=\"elementor-column elementor-col-100 elementor-top-column elementor-element elementor-element-a050631\" data-id=\"a050631\" data-element_type=\"column\" data-e-type=\"column\">\n\t\t\t<div class=\"elementor-widget-wrap elementor-element-populated\">\n\t\t\t\t\t\t<div class=\"elementor-element elementor-element-895b634 elementor-align-center elementor-widget elementor-widget-button\" data-id=\"895b634\" data-element_type=\"widget\" data-e-type=\"widget\" data-widget_type=\"button.default\">\n\t\t\t\t<div class=\"elementor-widget-container\">\n\t\t\t\t\t\t\t\t\t<div class=\"elementor-button-wrapper\">\n\t\t\t\t\t<a class=\"elementor-button elementor-button-link elementor-size-sm elementor-animation-pulse-grow\" href=\"#\">\n\t\t\t\t\t\t<span class=\"elementor-button-content-wrapper\">\n\t\t\t\t\t\t\t\t\t<span class=\"elementor-button-text\">Continuar<\/span>\n\t\t\t\t\t<\/span>\n\t\t\t\t\t<\/a>\n\t\t\t\t<\/div>\n\t\t\t\t\t\t\t\t<\/div>\n\t\t\t\t<\/div>\n\t\t\t\t\t<\/div>\n\t\t<\/div>\n\t\t\t\t\t<\/div>\n\t\t<\/section>\n\t\t\t\t<\/div>\n\t\t","protected":false},"excerpt":{"rendered":"<p>Principales Servicios que brinda el Estudio Laboral Gestionamos recursos humanos de todas las \u00e1reas operativas y sindicatos nacionales. Liquidaci\u00f3n de remuneraciones. Cargas [&hellip;]<\/p>\n","protected":false},"author":1,"featured_media":0,"parent":72,"menu_order":0,"comment_status":"closed","ping_status":"closed","template":"elementor_header_footer","meta":{"footnotes":""},"class_list":["post-80","page","type-page","status-publish","hentry"],"_links":{"self":[{"href":"https:\/\/contadorarosales.com.ar\/index.php\/wp-json\/wp\/v2\/pages\/80","targetHints":{"allow":["GET"]}}],"collection":[{"href":"https:\/\/contadorarosales.com.ar\/index.php\/wp-json\/wp\/v2\/pages"}],"about":[{"href":"https:\/\/contadorarosales.com.ar\/index.php\/wp-json\/wp\/v2\/types\/page"}],"author":[{"embeddable":true,"href":"https:\/\/contadorarosales.com.ar\/index.php\/wp-json\/wp\/v2\/users\/1"}],"replies":[{"embeddable":true,"href":"https:\/\/contadorarosales.com.ar\/index.php\/wp-json\/wp\/v2\/comments?post=80"}],"version-history":[{"count":27,"href":"https:\/\/contadorarosales.com.ar\/index.php\/wp-json\/wp\/v2\/pages\/80\/revisions"}],"predecessor-version":[{"id":397,"href":"https:\/\/contadorarosales.com.ar\/index.php\/wp-json\/wp\/v2\/pages\/80\/revisions\/397"}],"up":[{"embeddable":true,"href":"https:\/\/contadorarosales.com.ar\/index.php\/wp-json\/wp\/v2\/pages\/72"}],"wp:attachment":[{"href":"https:\/\/contadorarosales.com.ar\/index.php\/wp-json\/wp\/v2\/media?parent=80"}],"curies":[{"name":"wp","href":"https:\/\/api.w.org\/{rel}","templated":true}]}}